 (base 6) to base 11.
0
What is 3132 (base 5) in base 2?
110100001
What is 1a (base 12) in base 5?
42
Convert 25 (base 10) to base 3.
221
What is 22 (base 3) in base 4?
20
Convert -2 (base 11) to base 8.
-2
-2 (base 16) to base 8
-2
What is -22 (base 5) in base 6?
-20
-7 (base 9) to base 12
-7
-9b (base 12) to base 10
-119
Convert -1012 (base 5) to base 7.
-246
Convert 1010 (base 3) to base 16.
1e
Convert -100012 (base 3) to base 7.
-503
Convert 0 (base 6) to base 7.
0
13 (base 11) to base 4
32
What is -7 (base 13) in base 14?
-7
Convert -9 (base 13) to base 10.
-9
178 (base 14) to base 2
100101110
Convert 105 (base 7) to base 14.
3c
-11221 (base 3) to base 5
-1013
Convert 500 (base 6) to base 2.
10110100
2 (base 6) to base 7
2
What is 44 (base 5) in base 8?
30
What is -6 (base 15) in base 3?
-20
-10010000 (base 2) to base 4
-2100
What is -38 (base 15) in base 16?
-35
-1 (base 3) to base 16
-1
What is -1 (base 9) in base 2?
-1
What is -10 (base 3) in base 9?
-3
Convert 1101 (base 3) to base 5.
122
Convert -a (base 12) to base 8.
-12
What is -2 (base 4) in base 7?
-2
77 (base 13) to base 4
1202
Convert -10 (base 5) to base 13.
-5
-4 (base 14) to base 11
-4
0 (base 6) to base 3
0
What is 2 (base 3) in base 8?
2
-91 (base 10) to base 8
-133
7 (base 10) to base 16
7
-5 (base 9) to base 3
-12
Convert -204 (base 11) to base 9.
-303
15 (base 15) to base 7
26
Convert 6 (base 9) to base 7.
6
Convert -160 (base 10) to base 5.
-1120
8d (base 15) to base 11
111
Convert 86 (base 12) to base 7.
204
Convert 28 (base 16) to base 5.
130
Convert 3 (base 16) to base 7.
3
-7a (base 16) to base 3
-11112
What is -1 (base 4) in base 14?
-1
6 (base 7) to base 2
110
11 (base 5) to base 14
6
What is -2 (base 16) in base 8?
-2
What is -30 (base 12) in base 2?
-100100
What is -10012 (base 3) in base 6?
-222
-1 (base 10) to base 14
-1
48 (base 15) to base 7
125
Convert 87 (base 14) to base 4.
1313
What is -104 (base 6) in base 16?
-28
Convert -620 (base 7) to base 6.
-1232
What is 25 (base 6) in base 16?
11
Convert 253 (base 10) to base 11.
210
What is 1 (base 7) in base 13?
1
Convert -21 (base 7) to base 8.
-17
What is -1f (base 16) in base 4?
-133
What is 19e (base 16) in base 5?
3124
Convert 10000101 (base 2) to base 3.
11221
155 (base 6) to base 2
1000111
What is -41 (base 10) in base 14?
-2d
What is 3 (base 8) in base 14?
3
Convert -3 (base 13) to base 3.
-10
-20 (base 3) to base 15
-6
Convert -5 (base 8) to base 2.
-101
-10 (base 7) to base 16
-7
Convert 12 (base 7) to base 10.
9
What is -3 (base 10) in base 12?
-3
-5 (base 8) to base 4
-11
What is -3 (base 14) in base 6?
-3
15 (base 12) to base 6
25
Convert 2 (base 6) to base 9.
2
What is -1013 (base 4) in base 11?
-65
What is 14 (base 10) in base 4?
32
Convert -3 (base 10) to base 11.
-3
What is 0 (base 12) in base 6?
0
11010100 (base 2) to base 11
183
What is -11 (base 3) in base 10?
-4
16 (base 15) to base 7
30
Convert 0 (base 16) to base 6.
0
-11221 (base 3) to base 9
-157
1 (base 10) to base 8
1
Convert 2 (base 11) to base 8.
2
What is 1110100 (base 2) in base 14?
84
What is -13 (base 6) in base 2?
-1001
Convert -9 (base 10) to base 4.
-21
93 (base 10) to base 8
135
What is -4 (base 8) in base 15?
-4
What is 0 (base 3) in base 4?
0
What is 19 (base 12) in base 14?
17
What is 12 (base 3) in base 7?
5
What is 25 (base 8) in base 6?
33
-25 (base 13) to base 3
-1011
Convert -1 (base 6) to base 12.
-1
46 (base 15) to base 9
73
Convert 2 (base 7) to base 11.
2
What is 1 (base 5) in base 13?
1
What is 2 (base 6) in base 8?
2
10 (base 10) to base 13
a
What is 242 (base 6) in base 7?
200
12 (base 8) to base 12
a
Convert 13 (base 10) to base 13.
10
What is 4 (base 9) in base 4?
10
What is 2 (base 16) in base 11?
2
What is -5 (base 8) in base 16?
-5
-1 (base 8) to base 15
-1
What is -214 (base 8) in base 4?
-2030
Convert 14 (base 7) to base 11.
10
What is 4 (base 11) in base 16?
4
Convert 8 (base 11) to base 4.
20
1111 (base 2) to base 6
23
What is -10 (base 3) in base 5?
-3
-6d (base 15) to base 14
-75
Convert -24 (base 15) to base 6.
-54
Convert 73 (base 8) to base 3.
2012
What is -1 (base 12) in base 8?
-1
Convert 0 (base 15) to base 16.
0
Convert -51 (base 9) to base 6.
-114
2023 (base 4) to base 7
256
Convert 11 (base 9) to base 2.
1010
0 (base 7) to base 15
0
What is -2a (base 12) in base 10?
-34
3 (base 14) to base 7
3
Convert 2 (base 5) to base 11.
2
-31 (base 5) to base 16
-10
What is 35 (base 10) in base 13?
29
-5a (base 14) to base 12
-68
Convert -26 (base 14) to base 5.
-114
What is -20 (base 15) in base 13?
-24
What is bb (base 14) in base 5?
1130
Convert -32 (base 11) to base 15.
-25
Convert -54 (base 6) to base 5.
-114
What is 51 (base 11) in base 2?
111000
What is -20 (base 9) in base 10?
-18
What is 102020 (base 3) in base 11?
256
Convert -45 (base 7) to base 5.
-113
What is -2 (base 14) in base 2?
-10
10 (base 2) to base 16
2
Convert -17 (base 13) to base 9.
-22
What is 3 (base 16) in base 14?
3
What is -33 (base 16) in base 7?
-102
8 (base 15) to base 9
8
-7 (base 14) to base 12
-7
Convert 1100011 (base 2) to base 13.
78
Convert -110 (base 3) to base 5.
-22
-1 (base 6) to base 9
-1
Convert 1 (base 9) to base 11.
1
10212 (base 3) to base 7
206
Convert -2 (base 5) to base 2.
-10
What is -43 (base 6) in base 9?
-30
What is 2 (base 9) in base 6?
2
What is 0 (base 13) in base 7?
0
Convert 12 (base 6) to base 5.
13
What is 12 (base 4) in base 13?
6
-62 (base 16) to base 6
-242
100 (base 5) to base 6
41
4 (base 11) to base 8
4
Convert -21 (base 10) to base 13.
-18
What is 287 (base 12) in base 7?
1066
Convert b (base 15) to base 3.
102
Convert -1 (base 9) to base 3.
-1
What is 25 (base 15) in base 12?
2b
Convert 1221 (base 3) to base 6.
124
What is 5 (base 15) in base 16?
5
What is 1101 (base 3) in base 2?
100101
What is 100 (base 4) in base 5?
31
37 (base 15) to base 9
57
What is 0 (base 4) in base 7?
0
-52 (base 10) to base 9
-57
Convert -26 (base 11) to base 15.
-1d
What is -1414 (base 5) in base 4?
-3222
Convert -12 (base 9) to base 3.
-102
35 (base 15) to base 4
302
What is 10 (base 6) in base 3?
20
Convert -1 (base 14) to base 8.
-1
45 (base 9) to base 4
221
What is -11 (base 7) in base 3?
-22
55 (base 10) to base 16
37
What is 202 (base 5) in base 7?
103
What is 1 (base 11) in base 7?
1
What is 0 (base 5) in base 6?
0
2 (base 16) to base 10
2
Convert 111 (base 2) to base 8.
7
What is 1 (base 6) in base 14?
1
Convert -6 (base 7) to base 2.
-110
-26 (base 15) to base 5
-121
Convert -47 (base 10) to base 8.
-57
Convert -38 (base 10) to base 15.
-28
Convert -c (base 16) to base 14.
-c
Convert -20 (base 11) to base 3.
-211
Convert 36 (base 12) to base 11.
39
What is 2a (base 12) in base 13?
28
Convert 2 (base 5) to base 9.
2
What is 4 (base 9) in base 3?
11
-b (base 12) to base 5
-21
What is 8 (base 13) in base 6?
12
Convert 50 (base 7) to base 6.
55
Convert 5 (base 8) to base 11.
5
What is 15 (base 14) in base 2?
10011
What is -37 (base 9) in base 14?
-26
33 (base 9) to base 10
30
2b (base 13) to base 8
45
Convert 1 (base 3) to base 15.
1
Convert 21 (base 3) to base 7.
10
What is 4 (base 10) in base 11?
4
-12 (base 11) to base 2
-1101
-22 (base 4) to base 7
-13
Convert 2 (base 7) to base 6.
2
Convert -32 (base 10) to base 13.
-26
What is 1 (base 12) in base 3?
1
-30 (base 10) to base 12
-26
Convert 6 (base 9) to base 2.
110
Convert 47 (base 14) to base 16.
3f
1 (base 14) to base 9
1
Convert 4 (base 15) to base 7.
4
What is 1034 (base 7) in base 13?
224
-56 (base 9) to base 11
-47
What is 200 (base 3) in base 4?
102
6 (base 14) to base 11
6
What is -3 (base 16) in base 9?
-3
What is 71 (base 11) in base 16?
4e
103 (base 12) to base 3
12110
12 (base 10) to base 16
c
Convert -11 (base 5) to base 10.
-6
Convert 1 (base 7) to base 16.
1
-42 (base 10) to base 7
-60
Convert -1013 (base 5) to base 6.
-341
Convert -421 (base 8) to base 7.
-540
Convert 0 (base 6) to base 15.
0
What is 4 (base 6) in base 11?
4
-1 (base 3) to base 11
-1
What is 3 (base 12) in base 11?
3
What is -134 (base 6) in base 13?
-46
What is 7 (base 9) in base 16?
7
What is -4 (base 10) in base 7?
-4
Convert 5 (base 10) to base 9.
5
Convert -8 (base 13) to base 9.
-8
Convert -243 (base 6) to base 16.
-63
-102 (base 4) to base 14
-14
Conver